{"id":25,"date":"2020-11-06T06:46:00","date_gmt":"2020-11-06T06:46:00","guid":{"rendered":"https:\/\/demo.casethemes.net\/intime\/?page_id=25"},"modified":"2025-03-12T19:53:46","modified_gmt":"2025-03-12T17:53:46","slug":"contact-us","status":"publish","type":"page","link":"https:\/\/rissphotography.com\/checkthis\/contact-us\/","title":{"rendered":"Contact Us"},"content":{"rendered":"\t\t<div data-elementor-type=\"wp-page\" data-elementor-id=\"25\" class=\"elementor elementor-25\" data-elementor-post-type=\"page\">\n\t\t\t\t        <section class=\"elementor-section elementor-top-section elementor-element elementor-element-7a9fd1bf elementor-section-stretched elementor-section-boxed elementor-section-height-default elementor-section-height-default\" data-id=\"7a9fd1bf\" data-element_type=\"section\" data-e-type=\"section\" data-settings=\"{&quot;stretch_section&quot;:&quot;section-stretched&quot;,&quot;background_background&quot;:&quot;classic&quot;}\">\n            \n                        <div class=\"elementor-container elementor-column-gap-extended \">\n                    <div class=\"elementor-column elementor-col-100 elementor-top-column elementor-element elementor-element-26f38106\" data-id=\"26f38106\" data-element_type=\"column\" data-e-type=\"column\">\n        <div class=\"elementor-widget-wrap elementor-element-populated\">\n                    \n                <section class=\"elementor-section elementor-inner-section elementor-element elementor-element-56464b89 elementor-section-content-middle elementor-section-boxed elementor-section-height-default elementor-section-height-default\" data-id=\"56464b89\" data-element_type=\"section\" data-e-type=\"section\">\n            \n                        <div class=\"elementor-container elementor-column-gap-extended \">\n                    <div class=\"elementor-column elementor-col-50 elementor-inner-column elementor-element elementor-element-673df171\" data-id=\"673df171\" data-element_type=\"column\" data-e-type=\"column\">\n        <div class=\"elementor-widget-wrap elementor-element-populated\">\n                    \n        \t\t<div class=\"elementor-element elementor-element-3cd2e102 elementor-widget elementor-widget-ct_heading\" data-id=\"3cd2e102\" data-element_type=\"widget\" data-e-type=\"widget\" data-widget_type=\"ct_heading.default\">\n\t\t\t\t<div class=\"elementor-widget-container\">\n\t\t\t\t\t<div class=\"ct-heading h-align- item-st-default\">\r\n\t\t\t<div class=\"item--sub-title style-default\">\r\n            <span>\r\n                Get in touch            <\/span>\r\n        <\/div>\r\n\t    <h3 class=\"item--title case-animate-time st-default \" data-wow-delay=\"ms\">\r\n        <span>We give You Three languages to contact us!<\/span>    <\/h3>\r\n<\/div>\r\n\r\n\t\t\t\t<\/div>\n\t\t\t\t<\/div>\n\t\t            <\/div>\n        <\/div>\n                <div class=\"elementor-column elementor-col-50 elementor-inner-column elementor-element elementor-element-33fd33c9\" data-id=\"33fd33c9\" data-element_type=\"column\" data-e-type=\"column\">\n        <div class=\"elementor-widget-wrap elementor-element-populated\">\n                    \n        \t\t<div class=\"elementor-element elementor-element-6fc40edf elementor-widget elementor-widget-ct_text_editor\" data-id=\"6fc40edf\" data-element_type=\"widget\" data-e-type=\"widget\" data-widget_type=\"ct_text_editor.default\">\n\t\t\t\t<div class=\"elementor-widget-container\">\n\t\t\t\t\t<div id=\"ct_text_editor-6fc40edf\" class=\"ct-text-editor \" data-wow-delay=\"ms\">\n\t<div class=\"ct-inline-css\"  data-css=\"\n        \t\t\">\n\n    <\/div>\n\t<div class=\"ct-text-editor elementor-clearfix\">\n\t\t<p>On this form You can contact us in English<\/p><p>Potete contattarci in Italiano<\/p><p>Mund t\u00eb na kontaktoni n\u00eb Shqip<\/p>\t\t\n\t<\/div>\n<\/div>\t\t\t\t<\/div>\n\t\t\t\t<\/div>\n\t\t            <\/div>\n        <\/div>\n                    <\/div>\n        <\/section>\n                <section class=\"elementor-section elementor-inner-section elementor-element elementor-element-23e5c084 elementor-section-boxed elementor-section-height-default elementor-section-height-default\" data-id=\"23e5c084\" data-element_type=\"section\" data-e-type=\"section\">\n            \n                        <div class=\"elementor-container elementor-column-gap-extended \">\n                    <div class=\"elementor-column elementor-col-50 elementor-inner-column elementor-element elementor-element-1f7288b8\" data-id=\"1f7288b8\" data-element_type=\"column\" data-e-type=\"column\">\n        <div class=\"elementor-widget-wrap elementor-element-populated\">\n                    \n        \t\t<div class=\"elementor-element elementor-element-d89bdc9 elementor-widget elementor-widget-ct_banner\" data-id=\"d89bdc9\" data-element_type=\"widget\" data-e-type=\"widget\" data-widget_type=\"ct_banner.default\">\n\t\t\t\t<div class=\"elementor-widget-container\">\n\t\t\t\t\t\t<div class=\"ct-banner3 \">\r\n\t\t<div class=\"ct-banner-inner\">\r\n\t\t\t<img fetchpriority=\"high\" decoding=\"async\" width=\"2560\" height=\"2560\" src=\"https:\/\/rissphotography.com\/checkthis\/wp-content\/uploads\/2025\/02\/RissPhotography-regalo-scaled.jpg\" class=\"ct-banner-image1 attachment-full\" alt=\"\" \/>\t\t\t<div class=\"ct-banner-holder\">\r\n\t\t\t\t<div class=\"ct-banner-meta\">\r\n\t\t\t\t\t<div class=\"ct-banner-sub-title\">Contact Us on 3 languages<\/div>\r\n\t\t\t\t\t<h4 class=\"ct-banner-title\">English - Italiano - Shqip<\/h4>\r\n\t\t\t\t\t<div class=\"ct-banner-desc\">Potete contattarci in italiano\n::Mund t\u00eb na kontaktoni n\u00eb shqip<\/div>\r\n\t\t\t\t<\/div>\r\n\t\t\t<\/div>\r\n\t\t<\/div>\r\n\t<\/div>\r\n\t\t\t\t<\/div>\n\t\t\t\t<\/div>\n\t\t            <\/div>\n        <\/div>\n                <div class=\"elementor-column elementor-col-50 elementor-inner-column elementor-element elementor-element-6dc78a9f\" data-id=\"6dc78a9f\" data-element_type=\"column\" data-e-type=\"column\">\n        <div class=\"elementor-widget-wrap elementor-element-populated\">\n                    \n        \t\t<div class=\"elementor-element elementor-element-7f746ba7 elementor-widget elementor-widget-ct_heading\" data-id=\"7f746ba7\" data-element_type=\"widget\" data-e-type=\"widget\" data-widget_type=\"ct_heading.default\">\n\t\t\t\t<div class=\"elementor-widget-container\">\n\t\t\t\t\t<div class=\"ct-heading h-align- item-st-default\">\r\n\t    <h5 class=\"item--title case-animate-time st-default \" data-wow-delay=\"ms\">\r\n        <span>Ask us on Photography and Video services also for editing of them both.<\/span>    <\/h5>\r\n<\/div>\r\n\r\n\t\t\t\t<\/div>\n\t\t\t\t<\/div>\n\t\t\t\t<div class=\"elementor-element elementor-element-a32b540 elementor-widget elementor-widget-ct_contact_form\" data-id=\"a32b540\" data-element_type=\"widget\" data-e-type=\"widget\" data-widget_type=\"ct_contact_form.default\">\n\t\t\t\t<div class=\"elementor-widget-container\">\n\t\t\t\t\t    <div class=\"ct-contact-form ct-contact-form-layout1 style1 \">\r\n    \t        <div class=\"ct-contact-form\">\r\n            \n<div class=\"wpcf7 no-js\" id=\"wpcf7-f626-o1\" lang=\"en-US\" dir=\"ltr\" data-wpcf7-id=\"626\">\n<div class=\"screen-reader-response\"><p role=\"status\" aria-live=\"polite\" aria-atomic=\"true\"><\/p> <ul><\/ul><\/div>\n<form action=\"\/checkthis\/wp-json\/wp\/v2\/pages\/25#wpcf7-f626-o1\" method=\"post\" class=\"wpcf7-form init\" aria-label=\"Contact form\" novalidate=\"novalidate\" data-status=\"init\">\n<fieldset class=\"hidden-fields-container\"><input type=\"hidden\" name=\"_wpcf7\" value=\"626\" \/><input type=\"hidden\" name=\"_wpcf7_version\" value=\"6.1.5\" \/><input type=\"hidden\" name=\"_wpcf7_locale\" value=\"en_US\" \/><input type=\"hidden\" name=\"_wpcf7_unit_tag\" value=\"wpcf7-f626-o1\" \/><input type=\"hidden\" name=\"_wpcf7_container_post\" value=\"0\" \/><input type=\"hidden\" name=\"_wpcf7_posted_data_hash\" value=\"\" \/>\n<\/fieldset>\n<div class=\"row\">\n\t<div class=\"input-filled col-lg-6 col-md-6\">\n\t\t<p><label>Nome Cognome-Name Surname - Em\u00ebr Mbiem\u00ebr*<\/label><span class=\"wpcf7-form-control-wrap\" data-name=\"your-name\"><input size=\"40\" maxlength=\"400\" class=\"wpcf7-form-control wpcf7-text wpcf7-validates-as-required\" aria-required=\"true\" aria-invalid=\"false\" placeholder=\"Bianco Rossi\" value=\"\" type=\"text\" name=\"your-name\" \/><\/span>\n\t\t<\/p>\n\t<\/div>\n\t<div class=\"input-filled col-lg-6 col-md-6\">\n\t\t<p><label>email*<\/label><span class=\"wpcf7-form-control-wrap\" data-name=\"your-email\"><input size=\"40\" maxlength=\"400\" class=\"wpcf7-form-control wpcf7-email wpcf7-validates-as-required wpcf7-text wpcf7-validates-as-email\" aria-required=\"true\" aria-invalid=\"false\" placeholder=\"ilmiomail@esempio.it\" value=\"\" type=\"email\" name=\"your-email\" \/><\/span>\n\t\t<\/p>\n\t<\/div>\n<\/div>\n<div class=\"row\">\n\t<div class=\"input-filled col-12\">\n\t\t<p><label>MSG Here-Msg Qui -Msg K\u00ebtu*<\/label><span class=\"wpcf7-form-control-wrap\" data-name=\"your-message\"><textarea cols=\"40\" rows=\"10\" maxlength=\"2000\" class=\"wpcf7-form-control wpcf7-textarea wpcf7-validates-as-required\" aria-required=\"true\" aria-invalid=\"false\" placeholder=\"Scrivete qui il Vostro messagio...Write here your message...Shkruani k\u00ebtu mesazhin tuaj\" name=\"your-message\"><\/textarea><\/span>\n\t\t<\/p>\n\t<\/div>\n\t<div class=\"input-filled col-12\">\n\t\t<p><button type=\"submit\" class=\"wpcf7-submit btn btn-secondary btn-icon-right btn-block btn-animate\"><span>Invia richiesta<\/span><i>+<\/i><\/button>\n\t\t<\/p>\n\t<\/div>\n<\/div><div class=\"wpcf7-response-output\" aria-hidden=\"true\"><\/div>\n<\/form>\n<\/div>\n        <\/div>\r\n    <\/div>\r\n\t\t\t\t<\/div>\n\t\t\t\t<\/div>\n\t\t            <\/div>\n        <\/div>\n                    <\/div>\n        <\/section>\n        \t\t<div class=\"elementor-element elementor-element-66bf0397 elementor-widget elementor-widget-ct_text_editor\" data-id=\"66bf0397\" data-element_type=\"widget\" data-e-type=\"widget\" data-widget_type=\"ct_text_editor.default\">\n\t\t\t\t<div class=\"elementor-widget-container\">\n\t\t\t\t\t<div id=\"ct_text_editor-66bf0397\" class=\"ct-text-editor \" data-wow-delay=\"ms\">\n\t<div class=\"ct-inline-css\"  data-css=\"\n        \t\t\">\n\n    <\/div>\n\t<div class=\"ct-text-editor elementor-clearfix\">\n\t\t<p>You may contact us in english: &#8211; Potete contattarci in italiano: &#8211; Mund t\u00eb na kontaktoni n\u00eb shqip:<\/p>\t\t\n\t<\/div>\n<\/div>\t\t\t\t<\/div>\n\t\t\t\t<\/div>\n\t\t        <section class=\"elementor-section elementor-inner-section elementor-element elementor-element-24d8ffbc elementor-section-boxed elementor-section-height-default elementor-section-height-default\" data-id=\"24d8ffbc\" data-element_type=\"section\" data-e-type=\"section\">\n            \n                        <div class=\"elementor-container elementor-column-gap-extended \">\n                    <div class=\"elementor-column elementor-col-25 elementor-inner-column elementor-element elementor-element-4f153ddf\" data-id=\"4f153ddf\" data-element_type=\"column\" data-e-type=\"column\">\n        <div class=\"elementor-widget-wrap elementor-element-populated\">\n                    \n        \t\t<div class=\"elementor-element elementor-element-7fdc851d elementor-widget elementor-widget-ct_branche\" data-id=\"7fdc851d\" data-element_type=\"widget\" data-e-type=\"widget\" data-widget_type=\"ct_branche.default\">\n\t\t\t\t<div class=\"elementor-widget-container\">\n\t\t\t\t\t\r\n    <div class=\"ct-branche1 wow fadeInUp\" data-wow-delay=\"ms\">\r\n        <div class=\"id-point-focus1\">                            <div class=\"ct-branche-title\"><span>We are in Italy<\/span><\/div>\r\n                                        <div class=\"ct-branche-desc\">We are in Verona<br\/>\nIn Veneto region<br\/>\nin Italy country<br\/>\n<a href=\"tel:+393501546339\">\nCall us:\n(+39) 350 154 6339 <\/a><br\/>\n<a href=\"mailto:d1classeit@gmail.com\">email us - d1classeit@gmail.com <\/a><\/div>\r\n                    <\/div>    <\/div>\r\n\t\t\t\t<\/div>\n\t\t\t\t<\/div>\n\t\t            <\/div>\n        <\/div>\n                <div class=\"elementor-column elementor-col-25 elementor-inner-column elementor-element elementor-element-4d5d8286\" data-id=\"4d5d8286\" data-element_type=\"column\" data-e-type=\"column\">\n        <div class=\"elementor-widget-wrap elementor-element-populated\">\n                    \n        \t\t<div class=\"elementor-element elementor-element-3446a324 elementor-widget elementor-widget-ct_branche\" data-id=\"3446a324\" data-element_type=\"widget\" data-e-type=\"widget\" data-widget_type=\"ct_branche.default\">\n\t\t\t\t<div class=\"elementor-widget-container\">\n\t\t\t\t\t\r\n    <div class=\"ct-branche1 wow fadeInUp\" data-wow-delay=\"50ms\">\r\n        <div class=\"id-point-focus2\">                            <div class=\"ct-branche-title\"><span>Siamo in Italia<\/span><\/div>\r\n                                        <div class=\"ct-branche-desc\">Siamo a Verona<br\/>\nNella regione Veneto<br\/>\nin Italia<br\/>\n<a href=\"tel:+393501546339\">\nChiamaci:\n(+39) 350 154 6339 <\/a><br\/>\n<a href=\"mailto:d1classeit@gmail.com\">manda una mail su: - d1classeit@gmail.com <\/a><\/div>\r\n                    <\/div>    <\/div>\r\n\t\t\t\t<\/div>\n\t\t\t\t<\/div>\n\t\t            <\/div>\n        <\/div>\n                <div class=\"elementor-column elementor-col-25 elementor-inner-column elementor-element elementor-element-3aa7bde1\" data-id=\"3aa7bde1\" data-element_type=\"column\" data-e-type=\"column\">\n        <div class=\"elementor-widget-wrap elementor-element-populated\">\n                    \n        \t\t<div class=\"elementor-element elementor-element-1026c47f elementor-widget elementor-widget-ct_branche\" data-id=\"1026c47f\" data-element_type=\"widget\" data-e-type=\"widget\" data-widget_type=\"ct_branche.default\">\n\t\t\t\t<div class=\"elementor-widget-container\">\n\t\t\t\t\t\r\n    <div class=\"ct-branche1 wow fadeInUp\" data-wow-delay=\"100ms\">\r\n        <div class=\"id-point-focus3\">                            <div class=\"ct-branche-title\"><span>Jemi n\u00eb Itali<\/span><\/div>\r\n                                        <div class=\"ct-branche-desc\">Jemi n\u00eb Verona<br\/>\nN\u00eb Veneto<br\/>\nN\u00eb Itali<br\/>\n<a href=\"tel:+393501546339\">\nNa kontakto:\n(+39) 350 154 6339 <\/a><br\/>\n<a href=\"mailto:d1classeit@gmail.com\">ose me email n\u00eb: - d1classeit@gmail.com <\/a><\/div>\r\n                    <\/div>    <\/div>\r\n\t\t\t\t<\/div>\n\t\t\t\t<\/div>\n\t\t            <\/div>\n        <\/div>\n                <div class=\"elementor-column elementor-col-25 elementor-inner-column elementor-element elementor-element-60d5477\" data-id=\"60d5477\" data-element_type=\"column\" data-e-type=\"column\">\n        <div class=\"elementor-widget-wrap elementor-element-populated\">\n                    \n        \t\t<div class=\"elementor-element elementor-element-4deb87b elementor-align-justify elementor-widget__width-auto elementor-widget elementor-widget-ct_button\" data-id=\"4deb87b\" data-element_type=\"widget\" data-e-type=\"widget\" data-widget_type=\"ct_button.default\">\n\t\t\t\t<div class=\"elementor-widget-container\">\n\t\t\t\t\t<div id=\"ct_button-4deb87b\" class=\"ct-button-wrapper ct-button-layout1\">\r\n    <div class=\"ct-inline-css\"  data-css=\"\r\n        \">\r\n    <\/div>\r\n\r\n        <a href=\"tel:+393501546339\" class=\"btn btn-text2  icon-ps- \" data-wow-delay=\"ms\">\r\n                            <span class=\"ct-button-icon ct-align-icon-\">\r\n                            <\/span>\r\n                <span class=\"ct-button-text\">click for - clicca per - kliko p\u00ebr:cel\/whatsapp<\/span>\r\n    <\/a>\r\n<\/div>\t\t\t\t<\/div>\n\t\t\t\t<\/div>\n\t\t\t\t<div class=\"elementor-element elementor-element-65ec610 elementor-widget elementor-widget-ct_button\" data-id=\"65ec610\" data-element_type=\"widget\" data-e-type=\"widget\" data-widget_type=\"ct_button.default\">\n\t\t\t\t<div class=\"elementor-widget-container\">\n\t\t\t\t\t<div id=\"ct_button-65ec610\" class=\"ct-button-wrapper ct-button-layout1\">\r\n    <div class=\"ct-inline-css\"  data-css=\"\r\n        \">\r\n    <\/div>\r\n\r\n        <a href=\"mailto:d1classeit@gmail.com\" class=\"btn btn-text2  icon-ps- \" data-wow-delay=\"ms\">\r\n                            <span class=\"ct-button-icon ct-align-icon-\">\r\n                            <\/span>\r\n                <span class=\"ct-button-text\">Click to email - clicca per email - kliko per email<\/span>\r\n    <\/a>\r\n<\/div>\t\t\t\t<\/div>\n\t\t\t\t<\/div>\n\t\t            <\/div>\n        <\/div>\n                    <\/div>\n        <\/section>\n                    <\/div>\n        <\/div>\n                    <\/div>\n        <\/section>\n                <section class=\"elementor-section elementor-top-section elementor-element elementor-element-4c01599 elementor-section-full_width elementor-section-stretched elementor-section-height-default elementor-section-height-default\" data-id=\"4c01599\" data-element_type=\"section\" data-e-type=\"section\" data-settings=\"{&quot;stretch_section&quot;:&quot;section-stretched&quot;}\">\n            \n                        <div class=\"elementor-container elementor-column-gap-no \">\n                    <div class=\"elementor-column elementor-col-100 elementor-top-column elementor-element elementor-element-e7ba6a5\" data-id=\"e7ba6a5\" data-element_type=\"column\" data-e-type=\"column\">\n        <div class=\"elementor-widget-wrap elementor-element-populated\">\n                    \n        \t\t<div class=\"elementor-element elementor-element-cacaa06 elementor-widget elementor-widget-google_maps\" data-id=\"cacaa06\" data-element_type=\"widget\" data-e-type=\"widget\" data-widget_type=\"google_maps.default\">\n\t\t\t\t<div class=\"elementor-widget-container\">\n\t\t\t\t\t\t\t<div class=\"elementor-custom-embed\">\n\t\t\t<iframe loading=\"lazy\"\n\t\t\t\t\tsrc=\"https:\/\/maps.google.com\/maps?q=Verona&#038;t=m&#038;z=15&#038;output=embed&#038;iwloc=near\"\n\t\t\t\t\ttitle=\"Verona\"\n\t\t\t\t\taria-label=\"Verona\"\n\t\t\t><\/iframe>\n\t\t<\/div>\n\t\t\t\t\t\t<\/div>\n\t\t\t\t<\/div>\n\t\t            <\/div>\n        <\/div>\n                    <\/div>\n        <\/section>\n        <div class=\"elementor-element elementor-element-37c17ae e-flex e-con-boxed e-con e-parent\" data-id=\"37c17ae\" data-element_type=\"container\" data-e-type=\"container\">\n\t\t\t\t\t<div class=\"e-con-inner\">\n\t\t\t\t\t<\/div>\n\t\t\t\t<\/div>\n\t\t\t\t<\/div>\n\t\t","protected":false},"excerpt":{"rendered":"<p>Get in touch We give You Three languages to contact us! On this form You can contact us in English Potete contattarci in Italiano Mund t\u00eb na kontaktoni n\u00eb Shqip Contact Us on 3 languages English &#8211; Italiano &#8211; Shqip Potete contattarci in italiano ::Mund t\u00eb na kontaktoni n\u00eb shqip Ask us on Photography and [&hellip;]<\/p>\n","protected":false},"author":1,"featured_media":0,"parent":0,"menu_order":0,"comment_status":"closed","ping_status":"closed","template":"","meta":{"footnotes":""},"class_list":["post-25","page","type-page","status-publish","hentry"],"_links":{"self":[{"href":"https:\/\/rissphotography.com\/checkthis\/wp-json\/wp\/v2\/pages\/25","targetHints":{"allow":["GET"]}}],"collection":[{"href":"https:\/\/rissphotography.com\/checkthis\/wp-json\/wp\/v2\/pages"}],"about":[{"href":"https:\/\/rissphotography.com\/checkthis\/wp-json\/wp\/v2\/types\/page"}],"author":[{"embeddable":true,"href":"https:\/\/rissphotography.com\/checkthis\/wp-json\/wp\/v2\/users\/1"}],"replies":[{"embeddable":true,"href":"https:\/\/rissphotography.com\/checkthis\/wp-json\/wp\/v2\/comments?post=25"}],"version-history":[{"count":18,"href":"https:\/\/rissphotography.com\/checkthis\/wp-json\/wp\/v2\/pages\/25\/revisions"}],"predecessor-version":[{"id":7903,"href":"https:\/\/rissphotography.com\/checkthis\/wp-json\/wp\/v2\/pages\/25\/revisions\/7903"}],"wp:attachment":[{"href":"https:\/\/rissphotography.com\/checkthis\/wp-json\/wp\/v2\/media?parent=25"}],"curies":[{"name":"wp","href":"https:\/\/api.w.org\/{rel}","templated":true}]}}